
2
What is the hundreds digit of 842?
8
What is the thousands digit of 44051?
4
What is the thousands digit of 3686?
3
What is the tens digit of 151?
5
What is the thousands digit of 13096?
3
What is the thousands digit of 15302?
5
What is the ten thousands digit of 15647?
1
What is the ten thousands digit of 13483?
1
What is the units digit of 5430?
0
What is the hundreds digit of 1603?
6
What is the thousands digit of 1324?
1
What is the ten thousands digit of 20072?
2
What is the ten thousands digit of 19050?
1
What is the hundreds digit of 742?
7
What is the units digit of 1967?
7
What is the tens digit of 35753?
5
What is the units digit of 14418?
8
What is the tens digit of 1336?
3
What is the thousands digit of 56150?
6
What is the thousands digit of 64669?
4
What is the units digit of 1570?
0
What is the tens digit of 4069?
6
What is the thousands digit of 2474?
2
What is the hundreds digit of 995?
9
What is the thousands digit of 9007?
9
What is the units digit of 105?
5
What is the tens digit of 54458?
5
What is the hundreds digit of 5586?
5
What is the thousands digit of 5380?
5
What is the hundreds digit of 483?
4
What is the units digit of 145072?
2
What is the units digit of 10?
0
What is the units digit of 2426?
6
What is the thousands digit of 1523?
1
What is the hundred thousands digit of 181788?
1
What is the tens digit of 790?
9
What is the tens digit of 184?
8
What is the ten thousands digit of 26491?
2
What is the thousands digit of 28409?
8
What is the thousands digit of 36617?
6
What is the units digit of 11620?
0
What is the hundreds digit of 44829?
8
What is the ten thousands digit of 92015?
9
What is the units digit of 4350?
0
What is the thousands digit of 7748?
7
What is the units digit of 157?
7
What is the thousands digit of 16071?
6
What is the tens digit of 3529?
2
What is the units digit of 2218?
8
What is the tens digit of 1569?
6
What is the hundreds digit of 38040?
0
What is the tens digit of 2737?
3
What is the ten thousands digit of 77946?
7
What is the tens digit of 4158?
5
What is the hundreds digit of 12123?
1
What is the units digit of 34?
4
What is the units digit of 1623?
3
What is the tens digit of 27133?
3
What is the ten thousands digit of 22995?
2
What is the thousands digit of 73290?
3
What is the tens digit of 5501?
0
What is the tens digit of 12625?
2
What is the ten thousands digit of 18486?
1
What is the thousands digit of 9109?
9
What is the units digit of 33497?
7
What is the units digit of 977?
7
What is the tens digit of 48?
4
What is the thousands digit of 1327?
1
What is the units digit of 300?
0
What is the ten thousands digit of 31264?
3
What is the tens digit of 2439?
3
What is the hundreds digit of 1866?
8
What is the units digit of 1563?
3
What is the hundreds digit of 613?
6
What is the thousands digit of 30660?
0
What is the units digit of 151?
1
What is the units digit of 1554?
4
What is the ten thousands digit of 28068?
2
What is the hundreds digit of 34487?
4
What is the thousands digit of 10325?
0
What is the units digit of 2382?
2
What is the tens digit of 50027?
2
What is the hundreds digit of 1950?
9
What is the thousands digit of 44864?
4
What is the units digit of 38188?
8
What is the units digit of 61?
1
What is the thousands digit of 12708?
2
What is the tens digit of 2202?
0
What is the hundreds digit of 40337?
3
What is the hundreds digit of 4063?
0
What is the tens digit of 8881?
8
What is the units digit of 936?
6
What is the ten thousands digit of 14751?
1
What is the tens digit of 108?
0
What is the tens digit of 657?
5
What is the tens digit of 14838?
3
What is the hundreds digit of 610?
6
What is the ten thousands digit of 80291?
8
What is the units digit of 24310?
0
What is the units digit of 22509?
9
What is the hundreds digit of 245?
2
What is the ten thousands digit of 19677?
1
What is the units digit of 97290?
0
What is the hundreds digit of 1226?
2
What is the hundreds digit of 130003?
0
What is the tens digit of 2753?
5
What is the hundreds digit of 21256?
2
What is the tens digit of 43166?
6
What is the hundreds digit of 69658?
6
What is the tens digit of 1697?
9
What is the hundreds digit of 1686?
6
What is the hundreds digit of 5072?
0
What is the tens digit of 2133?
3
What is the hundreds digit of 45293?
2
What is the units digit of 50629?
9
What is the units digit of 31233?
3
What is the units digit of 239?
9
What is the ten thousands digit of 58013?
5
What is the hundreds digit of 5885?
8
What is the hundreds digit of 1712?
7
What is the hundreds digit of 48540?
5
What is the ten thousands digit of 41288?
4
What is the hundreds digit of 3500?
5
What is the ten thousands digit of 132040?
3
What is the ten thousands digit of 24639?
2
What is the units digit of 91361?
1
What is the units digit of 2178?
8
What is the units digit of 919?
9
What is the units digit of 8471?
1
What is the hundreds digit of 2385?
3
What is the tens digit of 176?
7
What is the tens digit of 18318?
1
What is the hundreds digit of 56560?
5
What is the units digit of 908?
8
What is the hundreds digit of 830?
8
What is the tens digit of 17675?
7
What is the units digit of 385?
5
What is the thousands digit of 140373?
0
What is the thousands digit of 5710?
5
What is the tens digit of 10843?
4
What is the hundreds digit of 14660?
6
What is the tens digit of 351?
5
What is the thousands digit of 56774?
6
What is the tens digit of 13180?
8
What is the hundreds digit of 75604?
6
What is the thousands digit of 50870?
0
What is the hundreds digit of 34490?
4
What is the tens digit of 6494?
9
What is the hundreds digit of 83284?
2
What is the thousands digit of 5297?
5
What is the units digit of 283?
3
What is the tens digit of 635?
3
What is the units digit of 21852?
2
What is the units digit of 312?
2
What is the ten thousands digit of 188717?
8
What is the thousands digit of 1016?
1
What is the thousands digit of 9190?
9
What is the units digit of 4285?
5
What is the hundreds digit of 88473?
4
What is the ten thousands digit of 12834?
1
What is the tens digit of 53567?
6
What is the hundreds digit of 2258?
2
What is the ten thousands digit of 84826?
8
What is the hundreds digit of 20360?
3
What is the tens digit of 90?
9
What is the tens digit of 3093?
9
What is the hundreds digit of 5013?
0
What is the hundreds digit of 138514?
5
What is the ten thousands digit of 82753?
8
What is the tens digit of 69758?
5
What is the tens digit of 3132?
3
What is the hundreds digit of 903?
9
What is the thousands digit of 67260?
7
What is the hundreds digit of 1509?
5
What is the hundreds digit of 1721?
7
What is the thousands digit of 49371?
9
What is the hundreds digit of 47792?
7
What is the hundreds digit of 4170?
1
What is the hundreds digit of 4378?
3
What is the units digit of 17061?
1
What is the tens digit of 596?
9
What is the units digit of 41257?
7
What is the hundreds digit of 1066?
0
What is the hundreds digit of 1706?
7
What is the tens digit of 13938?
3
What is the units digit of 46411?
1
What is the thousands digit of 1008?
1
What is the units digit of 7907?
7
What is the units digit of 545?
5
What is the units digit of 662?
2
What is the units digit of 2745?
5
What is the thousands digit of 6244?
6
What is the hundreds digit of 6913?
9
What is the hundreds digit of 29622?
6
What is the thousands digit of 91457?
1
What is the units digit of 8169?
9
What is the ten thousands digit of 106458?
0
What is the thousands digit of 2648?
2
What is the hundreds digit of 412?
4
What is the tens digit of 2759?
5
What is the units digit of 374?
4
What is the ten thousands digit of 34818?
3
What is the ten thousands digit of 99639?
9
What is the units digit of 2127?
7
What is the units digit of 55403?
3
What is the units digit of 18554?
4
What is the thousands digit of 8240?
8
What is the units digit of 9636?
6
What is the hundreds digit of 65202?
2
What is the units digit of 655?
5
What is the thousands digit of 70079?
0
What is the hundreds digit of 110409?
4
What is the hundreds digit of 981?
9
What is the hundreds digit of 1883?
8
What is the tens digit of 25335?
3
What is the tens digit of 4137?
3
What is the tens digit of 11274?
7
What is the thousands digit of 1502?
1
What is the t